{"id":2974,"date":"2023-08-01T15:35:41","date_gmt":"2023-08-01T13:35:41","guid":{"rendered":"https:\/\/www.abba-annecy.org\/NewVersion\/?page_id=2974"},"modified":"2024-10-17T11:00:17","modified_gmt":"2024-10-17T09:00:17","slug":"fonctionnement","status":"publish","type":"page","link":"https:\/\/www.abba-annecy.org\/NewVersion\/fonctionnement\/","title":{"rendered":"Fonctionnement"},"content":{"rendered":"\n<p>ABBA est une \u00e9glise fonctionnant en association cultuelle 1905. Pour nos activit\u00e9s diaconales, nous avons cr\u00e9\u00e9 une association culturelle : \u201cABBA Activit\u00e9s\u201d.<\/p>\n\n\n\n<p><br>L\u2019Assembl\u00e9e est conduite et repr\u00e9sent\u00e9e par un conseil d\u2019Anciens, et les activit\u00e9s sont organis\u00e9es par le conseil d\u2019Eglise (Anciens et Diacres). <\/p>\n\n\n\n<p>Au niveau national, ABBA est devenue membre de l&rsquo;Union d&rsquo;\u00e9glises des&nbsp;<a target=\"_blank\" href=\"https:\/\/www.caef.net\/\" rel=\"noopener\">CAEF<\/a>&nbsp;en mai 2017, membre du&nbsp;<a href=\"http:\/\/www.reseaufef.com\/\" target=\"_blank\" rel=\"noopener\">R\u00e9seau FEF (R\u00e9seau Fraternel Evang\u00e9lique Fran\u00e7ais)<\/a>&nbsp;et du&nbsp;<a href=\"https:\/\/www.lecnef.org\/\" target=\"_blank\" rel=\"noreferrer noopener\">CNEF (Conseil National des Evang\u00e9liques de France)<\/a>. <\/p>\n\n\n\n<p>Au niveau local ABBA est membre de l&rsquo;A.P.E.A. (Alliance Protestante et \u00c9vang\u00e9lique Ann\u00e9cienne) qui regroupe des \u00e9glises \u00e9vang\u00e9liques.<\/p>\n","protected":false},"excerpt":{"rendered":"<p>ABBA est une \u00e9glise fonctionnant en association cultuelle 1905. Pour nos activit\u00e9s diaconales, nous avons cr\u00e9\u00e9 une association culturelle : \u201cABBA Activit\u00e9s\u201d. L\u2019Assembl\u00e9e est conduite et repr\u00e9sent\u00e9e par un conseil [&hellip;]<\/p>\n","protected":false},"author":1,"featured_media":3042,"parent":0,"menu_order":0,"comment_status":"closed","ping_status":"closed","template":"","meta":{"_uag_custom_page_level_css":"","footnotes":""},"class_list":["post-2974","page","type-page","status-publish","has-post-thumbnail","hentry"],"yoast_head":"<!-- This site is optimized with the Yoast SEO plugin v26.6 - https:\/\/yoast.com\/wordpress\/plugins\/seo\/ -->\n<title>Fonctionnement - ABBA- Eglise \u00e9vang\u00e9lique - ANNECY Annecy - Eglise protestante \u00e9vang\u00e9lique %<\/title>\n<meta name=\"description\" content=\"Fonctionnement des associations cultuelle et culturelle. Membre des CAEF, du CNEF et du r\u00e9seau FEF (national), APEA (local)\" \/>\n<meta name=\"robots\" content=\"index, follow, max-snippet:-1, max-image-preview:large, max-video-preview:-1\" \/>\n<link rel=\"canonical\" href=\"https:\/\/www.abba-annecy.org\/NewVersion\/fonctionnement\/\" \/>\n<meta property=\"og:locale\" content=\"fr_FR\" \/>\n<meta property=\"og:type\" content=\"article\" \/>\n<meta property=\"og:title\" content=\"Fonctionnement - ABBA- Eglise \u00e9vang\u00e9lique - ANNECY Annecy - Eglise protestante \u00e9vang\u00e9lique %\" \/>\n<meta property=\"og:description\" content=\"Fonctionnement des associations cultuelle et culturelle. Membre des CAEF, du CNEF et du r\u00e9seau FEF (national), APEA (local)\" \/>\n<meta property=\"og:url\" content=\"https:\/\/www.abba-annecy.org\/NewVersion\/fonctionnement\/\" \/>\n<meta property=\"og:site_name\" content=\"ABBA- Eglise \u00e9vang\u00e9lique - ANNECY\" \/>\n<meta property=\"article:modified_time\" content=\"2024-10-17T09:00:17+00:00\" \/>\n<meta property=\"og:image\" content=\"https:\/\/www.abba-annecy.org\/NewVersion\/wp-content\/uploads\/2023\/08\/sincerely-media-dGxOgeXAXm8-unsplash-1-scaled.jpg\" \/>\n\t<meta property=\"og:image:width\" content=\"2560\" \/>\n\t<meta property=\"og:image:height\" content=\"1707\" \/>\n\t<meta property=\"og:image:type\" content=\"image\/jpeg\" \/>\n<meta name=\"twitter:card\" content=\"summary_large_image\" \/>\n<meta name=\"twitter:label1\" content=\"Dur\u00e9e de lecture estim\u00e9e\" \/>\n\t<meta name=\"twitter:data1\" content=\"1 minute\" \/>\n<script type=\"application\/ld+json\" class=\"yoast-schema-graph\">{\"@context\":\"https:\/\/schema.org\",\"@graph\":[{\"@type\":\"WebPage\",\"@id\":\"https:\/\/www.abba-annecy.org\/NewVersion\/fonctionnement\/\",\"url\":\"https:\/\/www.abba-annecy.org\/NewVersion\/fonctionnement\/\",\"name\":\"Fonctionnement - ABBA- Eglise \u00e9vang\u00e9lique - ANNECY Annecy - Eglise protestante \u00e9vang\u00e9lique %\",\"isPartOf\":{\"@id\":\"https:\/\/www.abba-annecy.org\/NewVersion\/#website\"},\"primaryImageOfPage\":{\"@id\":\"https:\/\/www.abba-annecy.org\/NewVersion\/fonctionnement\/#primaryimage\"},\"image\":{\"@id\":\"https:\/\/www.abba-annecy.org\/NewVersion\/fonctionnement\/#primaryimage\"},\"thumbnailUrl\":\"https:\/\/www.abba-annecy.org\/NewVersion\/wp-content\/uploads\/2023\/08\/sincerely-media-dGxOgeXAXm8-unsplash-1-scaled.jpg\",\"datePublished\":\"2023-08-01T13:35:41+00:00\",\"dateModified\":\"2024-10-17T09:00:17+00:00\",\"description\":\"Fonctionnement des associations cultuelle et culturelle. Membre des CAEF, du CNEF et du r\u00e9seau FEF (national), APEA (local)\",\"breadcrumb\":{\"@id\":\"https:\/\/www.abba-annecy.org\/NewVersion\/fonctionnement\/#breadcrumb\"},\"inLanguage\":\"fr-FR\",\"potentialAction\":[{\"@type\":\"ReadAction\",\"target\":[\"https:\/\/www.abba-annecy.org\/NewVersion\/fonctionnement\/\"]}]},{\"@type\":\"ImageObject\",\"inLanguage\":\"fr-FR\",\"@id\":\"https:\/\/www.abba-annecy.org\/NewVersion\/fonctionnement\/#primaryimage\",\"url\":\"https:\/\/www.abba-annecy.org\/NewVersion\/wp-content\/uploads\/2023\/08\/sincerely-media-dGxOgeXAXm8-unsplash-1-scaled.jpg\",\"contentUrl\":\"https:\/\/www.abba-annecy.org\/NewVersion\/wp-content\/uploads\/2023\/08\/sincerely-media-dGxOgeXAXm8-unsplash-1-scaled.jpg\",\"width\":2560,\"height\":1707},{\"@type\":\"BreadcrumbList\",\"@id\":\"https:\/\/www.abba-annecy.org\/NewVersion\/fonctionnement\/#breadcrumb\",\"itemListElement\":[{\"@type\":\"ListItem\",\"position\":1,\"name\":\"Accueil\",\"item\":\"https:\/\/www.abba-annecy.org\/NewVersion\/\"},{\"@type\":\"ListItem\",\"position\":2,\"name\":\"Fonctionnement\"}]},{\"@type\":\"WebSite\",\"@id\":\"https:\/\/www.abba-annecy.org\/NewVersion\/#website\",\"url\":\"https:\/\/www.abba-annecy.org\/NewVersion\/\",\"name\":\"Assembl\u00e9e Biblique du Bassin Ann\u00e9cien - ABBA - Eglise protestante \u00e9vang\u00e9lique - ANNECY\",\"description\":\"Assembl\u00e9e Biblique du Bassin Ann\u00e9cien- Culte \u00e0 10h15\",\"publisher\":{\"@id\":\"https:\/\/www.abba-annecy.org\/NewVersion\/#organization\"},\"alternateName\":\"ABBA - \u00e9glise Annecy\",\"potentialAction\":[{\"@type\":\"SearchAction\",\"target\":{\"@type\":\"EntryPoint\",\"urlTemplate\":\"https:\/\/www.abba-annecy.org\/NewVersion\/?s={search_term_string}\"},\"query-input\":{\"@type\":\"PropertyValueSpecification\",\"valueRequired\":true,\"valueName\":\"search_term_string\"}}],\"inLanguage\":\"fr-FR\"},{\"@type\":\"Organization\",\"@id\":\"https:\/\/www.abba-annecy.org\/NewVersion\/#organization\",\"name\":\"Assembl\u00e9e Biblique du Bassin Ann\u00e9cien - Eglise protestante \u00e9vang\u00e9lique - ANNECY\",\"alternateName\":\"ABBA - \u00e9glise annecy\",\"url\":\"https:\/\/www.abba-annecy.org\/NewVersion\/\",\"logo\":{\"@type\":\"ImageObject\",\"inLanguage\":\"fr-FR\",\"@id\":\"https:\/\/www.abba-annecy.org\/NewVersion\/#\/schema\/logo\/image\/\",\"url\":\"https:\/\/www.abba-annecy.org\/NewVersion\/wp-content\/uploads\/2023\/08\/logo.png\",\"contentUrl\":\"https:\/\/www.abba-annecy.org\/NewVersion\/wp-content\/uploads\/2023\/08\/logo.png\",\"width\":1500,\"height\":511,\"caption\":\"Assembl\u00e9e Biblique du Bassin Ann\u00e9cien - Eglise protestante \u00e9vang\u00e9lique - ANNECY\"},\"image\":{\"@id\":\"https:\/\/www.abba-annecy.org\/NewVersion\/#\/schema\/logo\/image\/\"}}]}<\/script>\n<!-- \/ Yoast SEO plugin. -->","yoast_head_json":{"title":"Fonctionnement - ABBA- Eglise \u00e9vang\u00e9lique - ANNECY Annecy - Eglise protestante \u00e9vang\u00e9lique %","description":"Fonctionnement des associations cultuelle et culturelle. Membre des CAEF, du CNEF et du r\u00e9seau FEF (national), APEA (local)","robots":{"index":"index","follow":"follow","max-snippet":"max-snippet:-1","max-image-preview":"max-image-preview:large","max-video-preview":"max-video-preview:-1"},"canonical":"https:\/\/www.abba-annecy.org\/NewVersion\/fonctionnement\/","og_locale":"fr_FR","og_type":"article","og_title":"Fonctionnement - ABBA- Eglise \u00e9vang\u00e9lique - ANNECY Annecy - Eglise protestante \u00e9vang\u00e9lique %","og_description":"Fonctionnement des associations cultuelle et culturelle. Membre des CAEF, du CNEF et du r\u00e9seau FEF (national), APEA (local)","og_url":"https:\/\/www.abba-annecy.org\/NewVersion\/fonctionnement\/","og_site_name":"ABBA- Eglise \u00e9vang\u00e9lique - ANNECY","article_modified_time":"2024-10-17T09:00:17+00:00","og_image":[{"width":2560,"height":1707,"url":"https:\/\/www.abba-annecy.org\/NewVersion\/wp-content\/uploads\/2023\/08\/sincerely-media-dGxOgeXAXm8-unsplash-1-scaled.jpg","type":"image\/jpeg"}],"twitter_card":"summary_large_image","twitter_misc":{"Dur\u00e9e de lecture estim\u00e9e":"1 minute"},"schema":{"@context":"https:\/\/schema.org","@graph":[{"@type":"WebPage","@id":"https:\/\/www.abba-annecy.org\/NewVersion\/fonctionnement\/","url":"https:\/\/www.abba-annecy.org\/NewVersion\/fonctionnement\/","name":"Fonctionnement - ABBA- Eglise \u00e9vang\u00e9lique - ANNECY Annecy - Eglise protestante \u00e9vang\u00e9lique %","isPartOf":{"@id":"https:\/\/www.abba-annecy.org\/NewVersion\/#website"},"primaryImageOfPage":{"@id":"https:\/\/www.abba-annecy.org\/NewVersion\/fonctionnement\/#primaryimage"},"image":{"@id":"https:\/\/www.abba-annecy.org\/NewVersion\/fonctionnement\/#primaryimage"},"thumbnailUrl":"https:\/\/www.abba-annecy.org\/NewVersion\/wp-content\/uploads\/2023\/08\/sincerely-media-dGxOgeXAXm8-unsplash-1-scaled.jpg","datePublished":"2023-08-01T13:35:41+00:00","dateModified":"2024-10-17T09:00:17+00:00","description":"Fonctionnement des associations cultuelle et culturelle. Membre des CAEF, du CNEF et du r\u00e9seau FEF (national), APEA (local)","breadcrumb":{"@id":"https:\/\/www.abba-annecy.org\/NewVersion\/fonctionnement\/#breadcrumb"},"inLanguage":"fr-FR","potentialAction":[{"@type":"ReadAction","target":["https:\/\/www.abba-annecy.org\/NewVersion\/fonctionnement\/"]}]},{"@type":"ImageObject","inLanguage":"fr-FR","@id":"https:\/\/www.abba-annecy.org\/NewVersion\/fonctionnement\/#primaryimage","url":"https:\/\/www.abba-annecy.org\/NewVersion\/wp-content\/uploads\/2023\/08\/sincerely-media-dGxOgeXAXm8-unsplash-1-scaled.jpg","contentUrl":"https:\/\/www.abba-annecy.org\/NewVersion\/wp-content\/uploads\/2023\/08\/sincerely-media-dGxOgeXAXm8-unsplash-1-scaled.jpg","width":2560,"height":1707},{"@type":"BreadcrumbList","@id":"https:\/\/www.abba-annecy.org\/NewVersion\/fonctionnement\/#breadcrumb","itemListElement":[{"@type":"ListItem","position":1,"name":"Accueil","item":"https:\/\/www.abba-annecy.org\/NewVersion\/"},{"@type":"ListItem","position":2,"name":"Fonctionnement"}]},{"@type":"WebSite","@id":"https:\/\/www.abba-annecy.org\/NewVersion\/#website","url":"https:\/\/www.abba-annecy.org\/NewVersion\/","name":"Assembl\u00e9e Biblique du Bassin Ann\u00e9cien - ABBA - Eglise protestante \u00e9vang\u00e9lique - ANNECY","description":"Assembl\u00e9e Biblique du Bassin Ann\u00e9cien- Culte \u00e0 10h15","publisher":{"@id":"https:\/\/www.abba-annecy.org\/NewVersion\/#organization"},"alternateName":"ABBA - \u00e9glise Annecy","potentialAction":[{"@type":"SearchAction","target":{"@type":"EntryPoint","urlTemplate":"https:\/\/www.abba-annecy.org\/NewVersion\/?s={search_term_string}"},"query-input":{"@type":"PropertyValueSpecification","valueRequired":true,"valueName":"search_term_string"}}],"inLanguage":"fr-FR"},{"@type":"Organization","@id":"https:\/\/www.abba-annecy.org\/NewVersion\/#organization","name":"Assembl\u00e9e Biblique du Bassin Ann\u00e9cien - Eglise protestante \u00e9vang\u00e9lique - ANNECY","alternateName":"ABBA - \u00e9glise annecy","url":"https:\/\/www.abba-annecy.org\/NewVersion\/","logo":{"@type":"ImageObject","inLanguage":"fr-FR","@id":"https:\/\/www.abba-annecy.org\/NewVersion\/#\/schema\/logo\/image\/","url":"https:\/\/www.abba-annecy.org\/NewVersion\/wp-content\/uploads\/2023\/08\/logo.png","contentUrl":"https:\/\/www.abba-annecy.org\/NewVersion\/wp-content\/uploads\/2023\/08\/logo.png","width":1500,"height":511,"caption":"Assembl\u00e9e Biblique du Bassin Ann\u00e9cien - Eglise protestante \u00e9vang\u00e9lique - ANNECY"},"image":{"@id":"https:\/\/www.abba-annecy.org\/NewVersion\/#\/schema\/logo\/image\/"}}]}},"uagb_featured_image_src":{"full":["https:\/\/www.abba-annecy.org\/NewVersion\/wp-content\/uploads\/2023\/08\/sincerely-media-dGxOgeXAXm8-unsplash-1-scaled.jpg",2560,1707,false],"thumbnail":["https:\/\/www.abba-annecy.org\/NewVersion\/wp-content\/uploads\/2023\/08\/sincerely-media-dGxOgeXAXm8-unsplash-1-150x150.jpg",150,150,true],"medium":["https:\/\/www.abba-annecy.org\/NewVersion\/wp-content\/uploads\/2023\/08\/sincerely-media-dGxOgeXAXm8-unsplash-1-300x200.jpg",300,200,true],"medium_large":["https:\/\/www.abba-annecy.org\/NewVersion\/wp-content\/uploads\/2023\/08\/sincerely-media-dGxOgeXAXm8-unsplash-1-768x512.jpg",768,512,true],"large":["https:\/\/www.abba-annecy.org\/NewVersion\/wp-content\/uploads\/2023\/08\/sincerely-media-dGxOgeXAXm8-unsplash-1-1024x683.jpg",780,520,true],"1536x1536":["https:\/\/www.abba-annecy.org\/NewVersion\/wp-content\/uploads\/2023\/08\/sincerely-media-dGxOgeXAXm8-unsplash-1-1536x1024.jpg",1536,1024,true],"2048x2048":["https:\/\/www.abba-annecy.org\/NewVersion\/wp-content\/uploads\/2023\/08\/sincerely-media-dGxOgeXAXm8-unsplash-1-2048x1365.jpg",2048,1365,true],"post-thumbnail":["https:\/\/www.abba-annecy.org\/NewVersion\/wp-content\/uploads\/2023\/08\/sincerely-media-dGxOgeXAXm8-unsplash-1-200x125.jpg",200,125,true],"faith-large-thumbnail":["https:\/\/www.abba-annecy.org\/NewVersion\/wp-content\/uploads\/2023\/08\/sincerely-media-dGxOgeXAXm8-unsplash-1-1600x500.jpg",1600,500,true],"faith-medium-thumbnail":["https:\/\/www.abba-annecy.org\/NewVersion\/wp-content\/uploads\/2023\/08\/sincerely-media-dGxOgeXAXm8-unsplash-1-800x250.jpg",800,250,true],"faith-normal-thumbnail":["https:\/\/www.abba-annecy.org\/NewVersion\/wp-content\/uploads\/2023\/08\/sincerely-media-dGxOgeXAXm8-unsplash-1-480x300.jpg",480,300,true]},"uagb_author_info":{"display_name":"admin","author_link":"https:\/\/www.abba-annecy.org\/NewVersion\/author\/admin\/"},"uagb_comment_info":0,"uagb_excerpt":"ABBA est une \u00e9glise fonctionnant en association cultuelle 1905. Pour nos activit\u00e9s diaconales, nous avons cr\u00e9\u00e9 une association culturelle : \u201cABBA Activit\u00e9s\u201d. L\u2019Assembl\u00e9e est conduite et repr\u00e9sent\u00e9e par un conseil [&hellip;]","_links":{"self":[{"href":"https:\/\/www.abba-annecy.org\/NewVersion\/wp-json\/wp\/v2\/pages\/2974","targetHints":{"allow":["GET"]}}],"collection":[{"href":"https:\/\/www.abba-annecy.org\/NewVersion\/wp-json\/wp\/v2\/pages"}],"about":[{"href":"https:\/\/www.abba-annecy.org\/NewVersion\/wp-json\/wp\/v2\/types\/page"}],"author":[{"embeddable":true,"href":"https:\/\/www.abba-annecy.org\/NewVersion\/wp-json\/wp\/v2\/users\/1"}],"replies":[{"embeddable":true,"href":"https:\/\/www.abba-annecy.org\/NewVersion\/wp-json\/wp\/v2\/comments?post=2974"}],"version-history":[{"count":6,"href":"https:\/\/www.abba-annecy.org\/NewVersion\/wp-json\/wp\/v2\/pages\/2974\/revisions"}],"predecessor-version":[{"id":3162,"href":"https:\/\/www.abba-annecy.org\/NewVersion\/wp-json\/wp\/v2\/pages\/2974\/revisions\/3162"}],"wp:featuredmedia":[{"embeddable":true,"href":"https:\/\/www.abba-annecy.org\/NewVersion\/wp-json\/wp\/v2\/media\/3042"}],"wp:attachment":[{"href":"https:\/\/www.abba-annecy.org\/NewVersion\/wp-json\/wp\/v2\/media?parent=2974"}],"curies":[{"name":"wp","href":"https:\/\/api.w.org\/{rel}","templated":true}]}}